{"id":191,"date":"2021-09-27T17:41:45","date_gmt":"2021-09-27T17:41:45","guid":{"rendered":"https:\/\/pigifo.it\/?page_id=191"},"modified":"2021-09-27T17:43:39","modified_gmt":"2021-09-27T17:43:39","slug":"5-tappa-da-camaldoli-a-badia-prataglia","status":"publish","type":"page","link":"https:\/\/pigifo.it\/index.php\/5-tappa-da-camaldoli-a-badia-prataglia\/","title":{"rendered":"5\u00b0 tappa da Camaldoli a Badia Prataglia"},"content":{"rendered":"\n<p class=\"has-text-align-right has-text-color\" style=\"color:#0006a3\"><em>Venerd\u00ec 27 agosto<\/em><\/p>\n\n\n\n<p class=\"has-black-color has-text-color\">Dopo il meritato riposo di questa notte, il percorso \u00e8 ripartito dall&#8217;Eremo attraverso le suggestive foreste Casentinesi.&nbsp;&nbsp;&nbsp;&nbsp;&nbsp;&nbsp;&nbsp;&nbsp;&nbsp;&nbsp;&nbsp;&nbsp;&nbsp;&nbsp;&nbsp;&nbsp;&nbsp;&nbsp;&nbsp;&nbsp;&nbsp;&nbsp;&nbsp;&nbsp;&nbsp;&nbsp;&nbsp;&nbsp;&nbsp;&nbsp;&nbsp;&nbsp;&nbsp;<\/p>\n\n\n\n<p class=\"has-black-color has-text-color\">&nbsp;Fin dalla partenza, immersi nel silenzio e circondati da alti faggi, abbiamo percepito un grande piacere di vivere questa esperienza, nonostante la stanchezza accumulata nelle salite precedenti. &nbsp;&nbsp;&nbsp;&nbsp;&nbsp;&nbsp;&nbsp;&nbsp;&nbsp;&nbsp;&nbsp;&nbsp;&nbsp;&nbsp;&nbsp;&nbsp;&nbsp;&nbsp;&nbsp;&nbsp;&nbsp;&nbsp;&nbsp;&nbsp;&nbsp;&nbsp;&nbsp;&nbsp;&nbsp;&nbsp;&nbsp;&nbsp;&nbsp;&nbsp;&nbsp;&nbsp;&nbsp;&nbsp;&nbsp;&nbsp;&nbsp;&nbsp;&nbsp;&nbsp;&nbsp;&nbsp;&nbsp;<\/p>\n\n\n\n<p class=\"has-black-color has-text-color\">La tappa di oggi \u00e8 stata meno affaticante rispetto alle altre, ma non per questo meno emozionante. Abbiamo attraversato il Prato della Penna, le Foreste, il Sentiero Natura e vari percorsi suggestivi e abbiamo fatto la sosta pranzo-ricreazione a Badia Prataglia, suggestivo centro montano.<\/p>\n\n\n\n<p class=\"has-black-color has-text-color\">Da l\u00ec abbiamo anticipato i primi passi della giornata di domani, fino alla piccola chiesa di Frassineta, dove abbiamo avuto il piacere di intrattenerci in un momento orante guidato dal vescovo Mons. Corazza.&nbsp;&nbsp;&nbsp;<\/p>\n\n\n\n<p class=\"has-black-color has-text-color\">Ci siamo confrontati sul valore che diamo al tempo, leggendo letture e dividendoci in piccoli gruppi e confrontandoci sulle nostre esperienze di vita.<\/p>\n\n\n\n<p class=\"has-black-color has-text-color\">Siamo poi tornati &nbsp;a Badia Prataglia, dove abbiamo passato la notte. Prima di dormire ognuno ha scritto in un biglietto ci\u00f2 che perdonava a qualcuno o a s\u00e9 stesso per poi bruciarlo, togliendoci cos\u00ec il peso del rancore e accogliendo il perdono.<\/p>\n\n\n\n<figure class=\"wp-block-gallery columns-3 is-cropped wp-block-gallery-1 is-layout-flex wp-block-gallery-is-layout-flex\"><ul class=\"blocks-gallery-grid\"><li class=\"blocks-gallery-item\"><figure><img loading=\"lazy\" decoding=\"async\" width=\"683\" height=\"1024\" src=\"https:\/\/pigifo.it\/wp-content\/uploads\/2021\/09\/Pellegrinaggio-0292-683x1024.jpeg\" alt=\"\" data-id=\"192\" data-full-url=\"https:\/\/pigifo.it\/wp-content\/uploads\/2021\/09\/Pellegrinaggio-0292-scaled.jpeg\" data-link=\"https:\/\/pigifo.it\/?attachment_id=192\" class=\"wp-image-192\" srcset=\"https:\/\/pigifo.it\/wp-content\/uploads\/2021\/09\/Pellegrinaggio-0292-683x1024.jpeg 683w, https:\/\/pigifo.it\/wp-content\/uploads\/2021\/09\/Pellegrinaggio-0292-200x300.jpeg 200w, https:\/\/pigifo.it\/wp-content\/uploads\/2021\/09\/Pellegrinaggio-0292-768x1152.jpeg 768w, https:\/\/pigifo.it\/wp-content\/uploads\/2021\/09\/Pellegrinaggio-0292-1024x1536.jpeg 1024w, https:\/\/pigifo.it\/wp-content\/uploads\/2021\/09\/Pellegrinaggio-0292-1365x2048.jpeg 1365w, https:\/\/pigifo.it\/wp-content\/uploads\/2021\/09\/Pellegrinaggio-0292-scaled.jpeg 1707w\" sizes=\"auto, (max-width: 683px) 100vw, 683px\" \/><\/figure><\/li><li class=\"blocks-gallery-item\"><figure><img loading=\"lazy\" decoding=\"async\" width=\"1024\" height=\"683\" src=\"https:\/\/pigifo.it\/wp-content\/uploads\/2021\/09\/Pellegrinaggio-0297-1024x683.jpeg\" alt=\"\" data-id=\"193\" data-full-url=\"https:\/\/pigifo.it\/wp-content\/uploads\/2021\/09\/Pellegrinaggio-0297-scaled.jpeg\" data-link=\"https:\/\/pigifo.it\/?attachment_id=193\" class=\"wp-image-193\" srcset=\"https:\/\/pigifo.it\/wp-content\/uploads\/2021\/09\/Pellegrinaggio-0297-1024x683.jpeg 1024w, https:\/\/pigifo.it\/wp-content\/uploads\/2021\/09\/Pellegrinaggio-0297-300x200.jpeg 300w, https:\/\/pigifo.it\/wp-content\/uploads\/2021\/09\/Pellegrinaggio-0297-768x512.jpeg 768w, https:\/\/pigifo.it\/wp-content\/uploads\/2021\/09\/Pellegrinaggio-0297-1536x1024.jpeg 1536w, https:\/\/pigifo.it\/wp-content\/uploads\/2021\/09\/Pellegrinaggio-0297-2048x1365.jpeg 2048w, https:\/\/pigifo.it\/wp-content\/uploads\/2021\/09\/Pellegrinaggio-0297-330x220.jpeg 330w\" sizes=\"auto, (max-width: 1024px) 100vw, 1024px\" \/><\/figure><\/li><li class=\"blocks-gallery-item\"><figure><img loading=\"lazy\" decoding=\"async\" width=\"1024\" height=\"683\" src=\"https:\/\/pigifo.it\/wp-content\/uploads\/2021\/09\/Pellegrinaggio-0312-1024x683.jpeg\" alt=\"\" data-id=\"194\" data-full-url=\"https:\/\/pigifo.it\/wp-content\/uploads\/2021\/09\/Pellegrinaggio-0312-scaled.jpeg\" data-link=\"https:\/\/pigifo.it\/?attachment_id=194\" class=\"wp-image-194\" srcset=\"https:\/\/pigifo.it\/wp-content\/uploads\/2021\/09\/Pellegrinaggio-0312-1024x683.jpeg 1024w, https:\/\/pigifo.it\/wp-content\/uploads\/2021\/09\/Pellegrinaggio-0312-300x200.jpeg 300w, https:\/\/pigifo.it\/wp-content\/uploads\/2021\/09\/Pellegrinaggio-0312-768x512.jpeg 768w, https:\/\/pigifo.it\/wp-content\/uploads\/2021\/09\/Pellegrinaggio-0312-1536x1024.jpeg 1536w, https:\/\/pigifo.it\/wp-content\/uploads\/2021\/09\/Pellegrinaggio-0312-2048x1365.jpeg 2048w, https:\/\/pigifo.it\/wp-content\/uploads\/2021\/09\/Pellegrinaggio-0312-330x220.jpeg 330w\" sizes=\"auto, (max-width: 1024px) 100vw, 1024px\" \/><\/figure><\/li><\/ul><\/figure>\n\n\n\n<div class=\"wp-block-buttons is-layout-flex wp-block-buttons-is-layout-flex\">\n<div class=\"wp-block-button has-custom-width wp-block-button__width-50\"><a class=\"wp-block-button__link has-light-green-cyan-to-vivid-green-cyan-gradient-background has-background\" href=\"https:\/\/pigifo.it\/index.php\/in-cammino-da-montepaolo-a-la-verna\/\">Il cammino<\/a><\/div>\n<\/div>\n\n\n\n<p><\/p>\n","protected":false},"excerpt":{"rendered":"<p>Venerd\u00ec 27 agosto Dopo il meritato riposo di questa notte, il percorso \u00e8 ripartito dall&#8217;Eremo attraverso le suggestive foreste Casentinesi.&nbsp;&nbsp;&nbsp;&nbsp;&nbsp;&nbsp;&nbsp;&nbsp;&nbsp;&nbsp;&nbsp;&nbsp;&nbsp;&nbsp;&nbsp;&nbsp;&nbsp;&nbsp;&nbsp;&nbsp;&nbsp;&nbsp;&nbsp;&nbsp;&nbsp;&nbsp;&nbsp;&nbsp;&nbsp;&nbsp;&nbsp;&nbsp;&nbsp; &nbsp;Fin dalla partenza, immersi nel silenzio e circondati da alti faggi, abbiamo percepito un grande piacere di vivere questa esperienza, nonostante la stanchezza accumulata nelle salite precedenti. &nbsp;&nbsp;&nbsp;&nbsp;&nbsp;&nbsp;&nbsp;&nbsp;&nbsp;&nbsp;&nbsp;&nbsp;&nbsp;&nbsp;&nbsp;&nbsp;&nbsp;&nbsp;&nbsp;&nbsp;&nbsp;&nbsp;&nbsp;&nbsp;&nbsp;&nbsp;&nbsp;&nbsp;&nbsp;&nbsp;&nbsp;&nbsp;&nbsp;&nbsp;&nbsp;&nbsp;&nbsp;&nbsp;&nbsp;&nbsp;&nbsp;&nbsp;&nbsp;&nbsp;&nbsp;&nbsp;&nbsp; La tappa di oggi \u00e8 stata meno [&hellip;]<\/p>\n","protected":false},"author":1,"featured_media":192,"parent":0,"menu_order":0,"comment_status":"closed","ping_status":"closed","template":"","meta":{"footnotes":""},"class_list":["post-191","page","type-page","status-publish","has-post-thumbnail","hentry"],"_links":{"self":[{"href":"https:\/\/pigifo.it\/index.php\/wp-json\/wp\/v2\/pages\/191","targetHints":{"allow":["GET"]}}],"collection":[{"href":"https:\/\/pigifo.it\/index.php\/wp-json\/wp\/v2\/pages"}],"about":[{"href":"https:\/\/pigifo.it\/index.php\/wp-json\/wp\/v2\/types\/page"}],"author":[{"embeddable":true,"href":"https:\/\/pigifo.it\/index.php\/wp-json\/wp\/v2\/users\/1"}],"replies":[{"embeddable":true,"href":"https:\/\/pigifo.it\/index.php\/wp-json\/wp\/v2\/comments?post=191"}],"version-history":[{"count":1,"href":"https:\/\/pigifo.it\/index.php\/wp-json\/wp\/v2\/pages\/191\/revisions"}],"predecessor-version":[{"id":195,"href":"https:\/\/pigifo.it\/index.php\/wp-json\/wp\/v2\/pages\/191\/revisions\/195"}],"wp:featuredmedia":[{"embeddable":true,"href":"https:\/\/pigifo.it\/index.php\/wp-json\/wp\/v2\/media\/192"}],"wp:attachment":[{"href":"https:\/\/pigifo.it\/index.php\/wp-json\/wp\/v2\/media?parent=191"}],"curies":[{"name":"wp","href":"https:\/\/api.w.org\/{rel}","templated":true}]}}