{"id":121,"date":"2021-09-25T19:44:29","date_gmt":"2021-09-25T19:44:29","guid":{"rendered":"https:\/\/pigifo.it\/?page_id=121"},"modified":"2023-01-26T17:19:18","modified_gmt":"2023-01-26T17:19:18","slug":"in-cammino-da-montepaolo-a-la-verna","status":"publish","type":"page","link":"https:\/\/pigifo.it\/index.php\/in-cammino-da-montepaolo-a-la-verna\/","title":{"rendered":"In Cammino da Montepaolo a La Verna"},"content":{"rendered":"\n<p class=\"has-text-align-center has-text-color\" style=\"color:#000fa3\"><em>23 agosto &#8211; 29 agosto 2021<\/em><\/p>\n\n\n\n<p class=\"has-black-color has-text-color\">Esattamente un mese fa, il 23 agosto, siamo partiti con un gruppo di giovani per <em>il<\/em> <em>cammino <\/em>da Montepaolo a La Verna; l\u2019obiettivo del cammino era quello di far vivere un\u2019esperienza vera, di quelle che ti tolgono il fiato e che fanno nascere qualcosa di inaspettato, di quelle che ti trasportano in un mondo parallelo dove non ci sono differenze, n\u00e9 simpatie, n\u00e9 antipatie \u2026 !<\/p>\n\n\n\n<p class=\"has-black-color has-text-color\">Esperienze che non ti danno tempo di pubblicare le foto sui social, le storie su Instagram &nbsp;o i diari giornalieri perch\u00e9 si \u00e8 troppo impegnati a stare in una realt\u00e0 creata su misura per Te, dove ogni Partecipante diventa fondamentale ed essenziale \u2026<\/p>\n\n\n\n<p class=\"has-black-color has-text-color\">Da oggi, con la consapevolezza di quanto abbiamo vissuto, attraverso i diari giornalieri scritti dai partecipanti, attraverso le foto, vogliamo testimoniare ci\u00f2 che \u00e8 stato, per noi, seguire la Strada guidati dalle parole di Sant\u2019Agostino<\/p>\n\n\n\n<p class=\"has-text-align-center has-black-color has-text-color\">&#8220;<em>Cantiamo pure ora, non tanto per goderci il riposo, quanto per sollevarci dalla fatica.<\/em><\/p>\n\n\n\n<p class=\"has-text-align-center has-black-color has-text-color\"><em>Cantiamo da viandanti.<\/em><\/p>\n\n\n\n<p class=\"has-text-align-center has-black-color has-text-color\"><em>Canta per alleviare le asprezze della marcia.<\/em><\/p>\n\n\n\n<p class=\"has-text-align-center has-black-color has-text-color\"><em>Che significa camminare?<\/em><\/p>\n\n\n\n<p class=\"has-text-align-center has-black-color has-text-color\"><em>Andare avanti nel bene, progredire nella santit\u00e0.<\/em><\/p>\n\n\n\n<p class=\"has-text-align-center has-black-color has-text-color\"><em>Se progredisci \u00e8 segno che cammini, ma devi camminare nel bene, devi avanzare nella retta fede, devi progredire nella santit\u00e0.<\/em><\/p>\n\n\n\n<p class=\"has-text-align-center has-black-color has-text-color\"><em>Canta e cammina<\/em>&#8220;<\/p>\n\n\n\n<figure class=\"wp-block-gallery has-nested-images columns-6 is-cropped wp-block-gallery-1 is-layout-flex wp-block-gallery-is-layout-flex\">\n<figure class=\"wp-block-image size-large\"><img loading=\"lazy\" decoding=\"async\" width=\"1024\" height=\"683\" data-id=\"136\" src=\"https:\/\/pigifo.it\/wp-content\/uploads\/2021\/09\/Pellegrinaggio-0461-1024x683.jpg\" alt=\"\" class=\"wp-image-136\" srcset=\"https:\/\/pigifo.it\/wp-content\/uploads\/2021\/09\/Pellegrinaggio-0461-1024x683.jpg 1024w, https:\/\/pigifo.it\/wp-content\/uploads\/2021\/09\/Pellegrinaggio-0461-300x200.jpg 300w, https:\/\/pigifo.it\/wp-content\/uploads\/2021\/09\/Pellegrinaggio-0461-768x512.jpg 768w, https:\/\/pigifo.it\/wp-content\/uploads\/2021\/09\/Pellegrinaggio-0461-1536x1024.jpg 1536w, https:\/\/pigifo.it\/wp-content\/uploads\/2021\/09\/Pellegrinaggio-0461-2048x1365.jpg 2048w, https:\/\/pigifo.it\/wp-content\/uploads\/2021\/09\/Pellegrinaggio-0461-330x220.jpg 330w\" sizes=\"auto, (max-width: 1024px) 100vw, 1024px\" \/><\/figure>\n\n\n\n<figure class=\"wp-block-image size-large\"><img loading=\"lazy\" decoding=\"async\" width=\"1024\" height=\"683\" data-id=\"135\" src=\"https:\/\/pigifo.it\/wp-content\/uploads\/2021\/09\/Pellegrinaggio-0446-1024x683.jpg\" alt=\"\" class=\"wp-image-135\" srcset=\"https:\/\/pigifo.it\/wp-content\/uploads\/2021\/09\/Pellegrinaggio-0446-1024x683.jpg 1024w, https:\/\/pigifo.it\/wp-content\/uploads\/2021\/09\/Pellegrinaggio-0446-300x200.jpg 300w, https:\/\/pigifo.it\/wp-content\/uploads\/2021\/09\/Pellegrinaggio-0446-768x512.jpg 768w, https:\/\/pigifo.it\/wp-content\/uploads\/2021\/09\/Pellegrinaggio-0446-1536x1024.jpg 1536w, https:\/\/pigifo.it\/wp-content\/uploads\/2021\/09\/Pellegrinaggio-0446-2048x1365.jpg 2048w, https:\/\/pigifo.it\/wp-content\/uploads\/2021\/09\/Pellegrinaggio-0446-330x220.jpg 330w\" sizes=\"auto, (max-width: 1024px) 100vw, 1024px\" \/><\/figure>\n\n\n\n<figure class=\"wp-block-image size-large\"><img loading=\"lazy\" decoding=\"async\" width=\"1024\" height=\"683\" data-id=\"134\" src=\"https:\/\/pigifo.it\/wp-content\/uploads\/2021\/09\/Pellegrinaggio-0430-1024x683.jpg\" alt=\"\" class=\"wp-image-134\" srcset=\"https:\/\/pigifo.it\/wp-content\/uploads\/2021\/09\/Pellegrinaggio-0430-1024x683.jpg 1024w, https:\/\/pigifo.it\/wp-content\/uploads\/2021\/09\/Pellegrinaggio-0430-300x200.jpg 300w, https:\/\/pigifo.it\/wp-content\/uploads\/2021\/09\/Pellegrinaggio-0430-768x512.jpg 768w, https:\/\/pigifo.it\/wp-content\/uploads\/2021\/09\/Pellegrinaggio-0430-1536x1024.jpg 1536w, https:\/\/pigifo.it\/wp-content\/uploads\/2021\/09\/Pellegrinaggio-0430-2048x1365.jpg 2048w, https:\/\/pigifo.it\/wp-content\/uploads\/2021\/09\/Pellegrinaggio-0430-330x220.jpg 330w\" sizes=\"auto, (max-width: 1024px) 100vw, 1024px\" \/><\/figure>\n\n\n\n<figure class=\"wp-block-image size-large\"><img loading=\"lazy\" decoding=\"async\" width=\"1024\" height=\"683\" data-id=\"133\" src=\"https:\/\/pigifo.it\/wp-content\/uploads\/2021\/09\/Pellegrinaggio-0304-1024x683.jpg\" alt=\"\" class=\"wp-image-133\" srcset=\"https:\/\/pigifo.it\/wp-content\/uploads\/2021\/09\/Pellegrinaggio-0304-1024x683.jpg 1024w, https:\/\/pigifo.it\/wp-content\/uploads\/2021\/09\/Pellegrinaggio-0304-300x200.jpg 300w, https:\/\/pigifo.it\/wp-content\/uploads\/2021\/09\/Pellegrinaggio-0304-768x512.jpg 768w, https:\/\/pigifo.it\/wp-content\/uploads\/2021\/09\/Pellegrinaggio-0304-1536x1024.jpg 1536w, https:\/\/pigifo.it\/wp-content\/uploads\/2021\/09\/Pellegrinaggio-0304-2048x1365.jpg 2048w, https:\/\/pigifo.it\/wp-content\/uploads\/2021\/09\/Pellegrinaggio-0304-330x220.jpg 330w\" sizes=\"auto, (max-width: 1024px) 100vw, 1024px\" \/><\/figure>\n\n\n\n<figure class=\"wp-block-image size-large\"><img loading=\"lazy\" decoding=\"async\" width=\"1024\" height=\"683\" data-id=\"132\" src=\"https:\/\/pigifo.it\/wp-content\/uploads\/2021\/09\/Pellegrinaggio-0175-1024x683.jpg\" alt=\"\" class=\"wp-image-132\" srcset=\"https:\/\/pigifo.it\/wp-content\/uploads\/2021\/09\/Pellegrinaggio-0175-1024x683.jpg 1024w, https:\/\/pigifo.it\/wp-content\/uploads\/2021\/09\/Pellegrinaggio-0175-300x200.jpg 300w, https:\/\/pigifo.it\/wp-content\/uploads\/2021\/09\/Pellegrinaggio-0175-768x512.jpg 768w, https:\/\/pigifo.it\/wp-content\/uploads\/2021\/09\/Pellegrinaggio-0175-1536x1024.jpg 1536w, https:\/\/pigifo.it\/wp-content\/uploads\/2021\/09\/Pellegrinaggio-0175-2048x1365.jpg 2048w, https:\/\/pigifo.it\/wp-content\/uploads\/2021\/09\/Pellegrinaggio-0175-330x220.jpg 330w\" sizes=\"auto, (max-width: 1024px) 100vw, 1024px\" \/><\/figure>\n\n\n\n<figure class=\"wp-block-image size-large\"><img loading=\"lazy\" decoding=\"async\" width=\"1024\" height=\"683\" data-id=\"131\" src=\"https:\/\/pigifo.it\/wp-content\/uploads\/2021\/09\/Pellegrinaggio-0125-1024x683.jpg\" alt=\"\" class=\"wp-image-131\" srcset=\"https:\/\/pigifo.it\/wp-content\/uploads\/2021\/09\/Pellegrinaggio-0125-1024x683.jpg 1024w, https:\/\/pigifo.it\/wp-content\/uploads\/2021\/09\/Pellegrinaggio-0125-300x200.jpg 300w, https:\/\/pigifo.it\/wp-content\/uploads\/2021\/09\/Pellegrinaggio-0125-768x512.jpg 768w, https:\/\/pigifo.it\/wp-content\/uploads\/2021\/09\/Pellegrinaggio-0125-1536x1024.jpg 1536w, https:\/\/pigifo.it\/wp-content\/uploads\/2021\/09\/Pellegrinaggio-0125-2048x1365.jpg 2048w, https:\/\/pigifo.it\/wp-content\/uploads\/2021\/09\/Pellegrinaggio-0125-330x220.jpg 330w\" sizes=\"auto, (max-width: 1024px) 100vw, 1024px\" \/><\/figure>\n\n\n\n<figure class=\"wp-block-image size-large\"><img loading=\"lazy\" decoding=\"async\" width=\"1024\" height=\"683\" data-id=\"130\" src=\"https:\/\/pigifo.it\/wp-content\/uploads\/2021\/09\/Pellegrinaggio-0022-1024x683.jpg\" alt=\"\" class=\"wp-image-130\" srcset=\"https:\/\/pigifo.it\/wp-content\/uploads\/2021\/09\/Pellegrinaggio-0022-1024x683.jpg 1024w, https:\/\/pigifo.it\/wp-content\/uploads\/2021\/09\/Pellegrinaggio-0022-300x200.jpg 300w, https:\/\/pigifo.it\/wp-content\/uploads\/2021\/09\/Pellegrinaggio-0022-768x512.jpg 768w, https:\/\/pigifo.it\/wp-content\/uploads\/2021\/09\/Pellegrinaggio-0022-1536x1024.jpg 1536w, https:\/\/pigifo.it\/wp-content\/uploads\/2021\/09\/Pellegrinaggio-0022-2048x1365.jpg 2048w, https:\/\/pigifo.it\/wp-content\/uploads\/2021\/09\/Pellegrinaggio-0022-330x220.jpg 330w\" sizes=\"auto, (max-width: 1024px) 100vw, 1024px\" \/><\/figure>\n\n\n\n<figure class=\"wp-block-image size-large\"><img loading=\"lazy\" decoding=\"async\" width=\"1024\" height=\"683\" data-id=\"129\" src=\"https:\/\/pigifo.it\/wp-content\/uploads\/2021\/09\/Pellegrinaggio-0002-1024x683.jpg\" alt=\"\" class=\"wp-image-129\" srcset=\"https:\/\/pigifo.it\/wp-content\/uploads\/2021\/09\/Pellegrinaggio-0002-1024x683.jpg 1024w, https:\/\/pigifo.it\/wp-content\/uploads\/2021\/09\/Pellegrinaggio-0002-300x200.jpg 300w, https:\/\/pigifo.it\/wp-content\/uploads\/2021\/09\/Pellegrinaggio-0002-768x512.jpg 768w, https:\/\/pigifo.it\/wp-content\/uploads\/2021\/09\/Pellegrinaggio-0002-1536x1024.jpg 1536w, https:\/\/pigifo.it\/wp-content\/uploads\/2021\/09\/Pellegrinaggio-0002-2048x1365.jpg 2048w, https:\/\/pigifo.it\/wp-content\/uploads\/2021\/09\/Pellegrinaggio-0002-330x220.jpg 330w\" sizes=\"auto, (max-width: 1024px) 100vw, 1024px\" \/><\/figure>\n\n\n\n<figure class=\"wp-block-image size-large\"><img loading=\"lazy\" decoding=\"async\" width=\"1024\" height=\"575\" data-id=\"128\" src=\"https:\/\/pigifo.it\/wp-content\/uploads\/2021\/09\/Pellegrinaggio-2021-aerea-13-1024x575.jpg\" alt=\"\" class=\"wp-image-128\" srcset=\"https:\/\/pigifo.it\/wp-content\/uploads\/2021\/09\/Pellegrinaggio-2021-aerea-13-1024x575.jpg 1024w, https:\/\/pigifo.it\/wp-content\/uploads\/2021\/09\/Pellegrinaggio-2021-aerea-13-300x168.jpg 300w, https:\/\/pigifo.it\/wp-content\/uploads\/2021\/09\/Pellegrinaggio-2021-aerea-13-768x431.jpg 768w, https:\/\/pigifo.it\/wp-content\/uploads\/2021\/09\/Pellegrinaggio-2021-aerea-13-1536x863.jpg 1536w, https:\/\/pigifo.it\/wp-content\/uploads\/2021\/09\/Pellegrinaggio-2021-aerea-13-2048x1150.jpg 2048w\" sizes=\"auto, (max-width: 1024px) 100vw, 1024px\" \/><\/figure>\n\n\n\n<figure class=\"wp-block-image size-large\"><img loading=\"lazy\" decoding=\"async\" width=\"1024\" height=\"575\" data-id=\"127\" src=\"https:\/\/pigifo.it\/wp-content\/uploads\/2021\/09\/Pellegrinaggio-2021-aerea-1-1024x575.jpg\" alt=\"\" class=\"wp-image-127\" srcset=\"https:\/\/pigifo.it\/wp-content\/uploads\/2021\/09\/Pellegrinaggio-2021-aerea-1-1024x575.jpg 1024w, https:\/\/pigifo.it\/wp-content\/uploads\/2021\/09\/Pellegrinaggio-2021-aerea-1-300x168.jpg 300w, https:\/\/pigifo.it\/wp-content\/uploads\/2021\/09\/Pellegrinaggio-2021-aerea-1-768x431.jpg 768w, https:\/\/pigifo.it\/wp-content\/uploads\/2021\/09\/Pellegrinaggio-2021-aerea-1-1536x863.jpg 1536w, https:\/\/pigifo.it\/wp-content\/uploads\/2021\/09\/Pellegrinaggio-2021-aerea-1-2048x1150.jpg 2048w\" sizes=\"auto, (max-width: 1024px) 100vw, 1024px\" \/><\/figure>\n\n\n\n<figure class=\"wp-block-image size-large\"><img loading=\"lazy\" decoding=\"async\" width=\"1024\" height=\"768\" data-id=\"126\" src=\"https:\/\/pigifo.it\/wp-content\/uploads\/2021\/09\/IMG-20210830-WA0008-1024x768.jpg\" alt=\"\" class=\"wp-image-126\" srcset=\"https:\/\/pigifo.it\/wp-content\/uploads\/2021\/09\/IMG-20210830-WA0008-1024x768.jpg 1024w, https:\/\/pigifo.it\/wp-content\/uploads\/2021\/09\/IMG-20210830-WA0008-300x225.jpg 300w, https:\/\/pigifo.it\/wp-content\/uploads\/2021\/09\/IMG-20210830-WA0008-768x576.jpg 768w, https:\/\/pigifo.it\/wp-content\/uploads\/2021\/09\/IMG-20210830-WA0008-1536x1152.jpg 1536w, https:\/\/pigifo.it\/wp-content\/uploads\/2021\/09\/IMG-20210830-WA0008-640x480.jpg 640w, https:\/\/pigifo.it\/wp-content\/uploads\/2021\/09\/IMG-20210830-WA0008.jpg 1984w\" sizes=\"auto, (max-width: 1024px) 100vw, 1024px\" \/><\/figure>\n\n\n\n<figure class=\"wp-block-image size-large\"><img loading=\"lazy\" decoding=\"async\" width=\"1024\" height=\"768\" data-id=\"125\" src=\"https:\/\/pigifo.it\/wp-content\/uploads\/2021\/09\/IMG_6231-1024x768.jpg\" alt=\"\" class=\"wp-image-125\" srcset=\"https:\/\/pigifo.it\/wp-content\/uploads\/2021\/09\/IMG_6231-1024x768.jpg 1024w, https:\/\/pigifo.it\/wp-content\/uploads\/2021\/09\/IMG_6231-300x225.jpg 300w, https:\/\/pigifo.it\/wp-content\/uploads\/2021\/09\/IMG_6231-768x576.jpg 768w, https:\/\/pigifo.it\/wp-content\/uploads\/2021\/09\/IMG_6231-1536x1152.jpg 1536w, https:\/\/pigifo.it\/wp-content\/uploads\/2021\/09\/IMG_6231-2048x1536.jpg 2048w, https:\/\/pigifo.it\/wp-content\/uploads\/2021\/09\/IMG_6231-640x480.jpg 640w\" sizes=\"auto, (max-width: 1024px) 100vw, 1024px\" \/><\/figure>\n\n\n\n<figure class=\"wp-block-image size-large\"><img loading=\"lazy\" decoding=\"async\" width=\"768\" height=\"1024\" data-id=\"124\" src=\"https:\/\/pigifo.it\/wp-content\/uploads\/2021\/09\/20210827_102304-768x1024.jpg\" alt=\"\" class=\"wp-image-124\" srcset=\"https:\/\/pigifo.it\/wp-content\/uploads\/2021\/09\/20210827_102304-768x1024.jpg 768w, https:\/\/pigifo.it\/wp-content\/uploads\/2021\/09\/20210827_102304-225x300.jpg 225w, https:\/\/pigifo.it\/wp-content\/uploads\/2021\/09\/20210827_102304-1152x1536.jpg 1152w, https:\/\/pigifo.it\/wp-content\/uploads\/2021\/09\/20210827_102304-1536x2048.jpg 1536w, https:\/\/pigifo.it\/wp-content\/uploads\/2021\/09\/20210827_102304-scaled.jpg 1920w\" sizes=\"auto, (max-width: 768px) 100vw, 768px\" \/><\/figure>\n<\/figure>\n\n\n\n<p class=\"has-text-align-center has-text-color has-large-font-size\" style=\"color:#0f8c09\"><strong><em>Le tappe del cammino<\/em><\/strong><\/p>\n\n\n\n<p class=\"has-vivid-red-color has-text-color has-medium-font-size\"><strong><em><a href=\"https:\/\/pigifo.it\/index.php\/1-tappa-da-montepaolo-a-san-valentino\/\" data-type=\"URL\" data-id=\"https:\/\/pigifo.it\/index.php\/1-tappa-da-montepaolo-a-san-valentino\/\">1\u00b0 tappa da Montepaolo a San Valentino<\/a><\/em><\/strong><\/p>\n\n\n\n<p class=\"has-vivid-green-cyan-color has-text-color has-medium-font-size\"><a href=\"https:\/\/pigifo.it\/index.php\/2-tappa-da-san-valentino-a-premilcuore\/\" data-type=\"URL\" data-id=\"https:\/\/pigifo.it\/index.php\/2-tappa-da-san-valentino-a-premilcuore\/\"><strong><em>2<\/em><\/strong>\u00b0<strong><em> tappa da San Valentino a Premilcuore<\/em><\/strong><\/a> <\/p>\n\n\n\n<p class=\"has-text-color has-medium-font-size\" style=\"color:#0119a3\"><strong><a href=\"https:\/\/pigifo.it\/index.php\/3-tappa-da-premilcuore-al-corniolo\/\" data-type=\"URL\" data-id=\"https:\/\/pigifo.it\/index.php\/3-tappa-da-premilcuore-al-corniolo\/\">3\u00b0<em> tappa da Premilcuore al Corniolo<\/em><\/a><\/strong> <\/p>\n\n\n\n<p class=\"has-luminous-vivid-amber-color has-text-color has-medium-font-size\"><strong><em><a href=\"https:\/\/pigifo.it\/index.php\/4-tappa-dal-corniolo-a-camaldoli\/\">4\u00b0 tappa dal Corniolo a Camaldoli<\/a><\/em><\/strong><\/p>\n\n\n\n<p class=\"has-vivid-purple-color has-text-color has-medium-font-size\"><a href=\"https:\/\/pigifo.it\/index.php\/5-tappa-da-camaldoli-a-badia-prataglia\/\" data-type=\"URL\" data-id=\"https:\/\/pigifo.it\/index.php\/5-tappa-da-camaldoli-a-badia-prataglia\/\"><em><strong>5\u00b0 tappa da Camaldoli a Badia Prataglia<\/strong><\/em><\/a> <\/p>\n\n\n\n<p class=\"has-pale-pink-color has-text-color has-medium-font-size\"><a href=\"https:\/\/pigifo.it\/index.php\/6-tappa-da-badia-prataglia-a-la-verna\/\"><strong><em>6\u00b0 tappa da Badia Prataglia a La Verna<\/em><\/strong><\/a> <\/p>\n\n\n\n<p class=\"has-luminous-vivid-orange-color has-text-color has-medium-font-size\"><a href=\"https:\/\/pigifo.it\/index.php\/a-la-verna\/\"><strong><em>La Verna<\/em><\/strong><\/a><\/p>\n","protected":false},"excerpt":{"rendered":"<p>23 agosto &#8211; 29 agosto 2021 Esattamente un mese fa, il 23 agosto, siamo partiti con un gruppo di giovani per il cammino da Montepaolo a La Verna; l\u2019obiettivo del cammino era quello di far vivere un\u2019esperienza vera, di quelle che ti tolgono il fiato e che fanno nascere qualcosa di inaspettato, di quelle che [&hellip;]<\/p>\n","protected":false},"author":1,"featured_media":133,"parent":0,"menu_order":0,"comment_status":"open","ping_status":"closed","template":"","meta":{"footnotes":""},"class_list":["post-121","page","type-page","status-publish","has-post-thumbnail","hentry"],"_links":{"self":[{"href":"https:\/\/pigifo.it\/index.php\/wp-json\/wp\/v2\/pages\/121","targetHints":{"allow":["GET"]}}],"collection":[{"href":"https:\/\/pigifo.it\/index.php\/wp-json\/wp\/v2\/pages"}],"about":[{"href":"https:\/\/pigifo.it\/index.php\/wp-json\/wp\/v2\/types\/page"}],"author":[{"embeddable":true,"href":"https:\/\/pigifo.it\/index.php\/wp-json\/wp\/v2\/users\/1"}],"replies":[{"embeddable":true,"href":"https:\/\/pigifo.it\/index.php\/wp-json\/wp\/v2\/comments?post=121"}],"version-history":[{"count":18,"href":"https:\/\/pigifo.it\/index.php\/wp-json\/wp\/v2\/pages\/121\/revisions"}],"predecessor-version":[{"id":755,"href":"https:\/\/pigifo.it\/index.php\/wp-json\/wp\/v2\/pages\/121\/revisions\/755"}],"wp:featuredmedia":[{"embeddable":true,"href":"https:\/\/pigifo.it\/index.php\/wp-json\/wp\/v2\/media\/133"}],"wp:attachment":[{"href":"https:\/\/pigifo.it\/index.php\/wp-json\/wp\/v2\/media?parent=121"}],"curies":[{"name":"wp","href":"https:\/\/api.w.org\/{rel}","templated":true}]}}